+ 4 + -3.
-3
0 - 0 - (8 + 0)
-8
Calculate -3 + (7 - (4 - -2)) + 9.
7
What is 0 - (2 + (-4 - 1)) - 1?
2
(1 - (9 - 22)) + -8
6
Calculate -2 + (-4 + (-2 - 0) - -3).
-5
Calculate (-5 - -1 - -4) + (-2 - -6).
4
Calculate 1 + -4 + (-17 - -18).
-2
What is -1 - -1 - (-5 - (-9 - -3))?
-1
Evaluate -2 + -1 + 6 - -1.
4
Calculate 2 + -1 + -1 - -3.
3
-11 - (-22 + (-13 - -20))
4
Calculate 3 + (-6 - (5 + -3 + 0)).
-5
Evaluate 3 - (-8 + -5 + 13).
3
What is -4 + 17 + (27 - 40)?
0
What is 3 + -1 - (18 - 18)?
2
What is the value of 4 + -14 + (5 - 0)?
-5
-9 + 2 + (14 - (12 + 4))
-9
-3 - ((0 - 3) + (3 - 5))
2
What is the value of (2 - 3) + 0 + (34 - 28)?
5
Calculate 2 + 2 - 6 - -3.
1
What is 0 + (9 - 10) + (-1 - -1)?
-1
Calculate (-4 - (1 - -3 - 4)) + 1.
-3
Evaluate (-6 - 2 - -4) + -3 + 5.
-2
2 + (-1 - 10) + 10
1
What is (-7 - (-2 + -1)) + (-3 - -6)?
-1
Calculate -3 - (-13 + 8 + -5).
7
-3 + 5 + (-5 - -2) + 3
2
What is the value of 3 - (6 - (-6 + 0 - -5))?
-4
What is the value of 12 + (-3 - 23 - -8)?
-6
-3 - (-11 - -4 - 1)
5
What is the value of -3 - (-7 - (-15 + 12))?
1
What is 0 + 2 + 7 + (-3 - 3)?
3
Evaluate -4 + (6 - -8) + 0 + -3.
7
Evaluate 8 - (-2 + 11 - -2).
-3
Calculate 5 + (6 + -8 + 8 - 10).
1
What is 4 + -2 + 1 + -10 - -4?
-3
What is 17 - 22 - (-1 + -3)?
-1
Evaluate 0 + -4 + 2 - (-2 - 1).
1
What is -1 - ((-4 - -2) + 3)?
-2
Calculate 1 + -1 - (0 + 0 + 5).
-5
What is 0 + -3 - -10 - 4?
3
What is -1 - -11 - (12 - (-5 - -9))?
2
What is 2 + 0 + -6 + (-2 - -6)?
0
What is the value of 11 + (1 - 9 - -3) - 8?
-2
What is (2 + (6 - 10) - -6) + 0?
4
(0 - (-1 - 3)) + 0
4
What is the value of (-6 - -8) + (-3 - 1) + -1?
-3
Evaluate (4 - -1) + (0 - -12 - 24).
-7
Evaluate (0 - 6) + (-34 - -34).
-6
What is the value of 0 + 0 + 7 + -3?
4
What is the value of -3 + -1 + -1 + 10 + 2?
7
Evaluate -10 + 10 + (0 - 1) + -2.
-3
(-3 - 2 - (-2 - -3)) + 1
-5
What is 12 + -5 + 0 + (0 - 1)?
6
What is the value of 7 - (17 + (5 - 10))?
-5
What is -6 - (0 - 2) - 1?
-5
(-1 + 0 - (-30 + 24)) + -3
2
What is (8 + -4 - (1 - -2)) + -1?
0
Calculate 7 + -4 + -10 - -5 - 1.
-3
What is the value of (-1 - -7) + -6 + (-5 - -1)?
-4
Evaluate 2 - 4 - (-6 + -2).
6
Evaluate 10 - (7 + (12 - 5)).
-4
Evaluate (2 - 2 - 5 - -3) + -2.
-4
What is the value of 0 + (0 - -5 - 3)?
2
What is (0 - 0 - 1) + -8 + 10?
1
7 - (2 + (4 - (4 - 0)))
5
6 + -4 - (-1 + -1)
4
(-1 - -2) + (4 - 10)
-5
(32 + -37 - (1 - 10)) + -5
-1
Calculate (7 - -1) + (1 + 3 - 8).
4
Calculate -2 - (2 - (-2 + 1)).
-5
-2 - (1 + 2 + (1 - 2))
-4
What is 8 - (3 + -2) - 2?
5
Evaluate (49 - 38) + (-10 - 0).
1
Evaluate (1 + -8 - -6 - 1) + 9.
7
What is (8 - 0) + 3 + -15?
-4
What is the value of 3 + (-2 - 3 - 3)?
-5
Evaluate (1 + -2 - -2) + 11 + -16.
-4
Calculate 0 - (2 + -4 + (-3 - -1)).
4
Evaluate -7 - (-7 - (-5 + 7)).
2
Calculate 13 - 15 - (1 + 0 + -2).
-1
7 + -15 + 4 + 9
5
What is the value of 5 + 0 + 2 + -3?
4
What is the value of (1 - 11) + 3 - -2?
-5
7 - ((-3 - -11) + 5)
-6
Evaluate 5 + (1 - 2) + (-1 - 1).
2
Calculate (14 - (-4 - -13)) + -5.
0
What is the value of (1 + -3 - -3) + -1 + 0?
0
-4 - (-4 + 1) - (-2 + 0)
1
What is the value of 0 - (0 - -2 - 4)?
2
Calculate (-3 + 2 - -4) + -11.
-8
0 + -3 + 5 - (55 - 48)
-5
What is -3 - (-2 + -8 + 13)?
-6
What is 6 + (5 - 6) + -5?
0
What is 9 - 2 - ((-10 - -4) + 13)?
0
Calculate 6 - 10 - (-3 + -2 + 2).
-1
What is -2 + (8 - 0) + -7?
-1
Evaluate 9 - 7 - (3 + 1).
-2
4 + (-6 + 3 - (-8 + 4))
5
Calculate -5 - (-6 - -4) - 2.
-5
What is 2 + (-1 - -8) + -11?
-2
Calculate 0 + (3 + -4 - 3).
-4
Evaluate (-12 - -8) + (4 - 0).
0
What is (1 - 5) + 4 + -3?
-3
What is -17 + 8 + 1 + 14?
6
4 - (1 + 5) - (3 + -1)
-4
What is 1 + -2 - (0 - -5) - -5?
-1
Evaluate (-9 - (-5 + -5)) + 3 + -9.
-5
Calculate 10 + 4 + -18 + 15.
11
0 + 0 + 6 + (-143 - -135)
-2
What is -6 - 1 - (2 + (2 - 6))?
-5
What is the value of -8 + (3 - (-9 - -4))?
0
0 - 19 - -10 - (-2 - 1)
-6
What is (-4 - -2) + (-4 - -6) + -2?
-2
What is the value of 3 - (-3 + 5 + 6 + -12)?
7
Calculate (4 - -3) + (-3 - (-3 + 2)).
5
Evaluate -2 + 5 - (0 + 8).
-5
What is -2 + 2 + -4 + 4?
0
What is (11 + -17 - -6) + 5?
5
0 - -5 - (5 - 0)
0
What is -5 - -17 - 6 - 5?
1
Calculate 0 + (5 - 7) - 0.
-2
-5 - (-1 - ((0 - -3) + -3))
-4
What is -1 - -2 - 1 - -3?
3
Calculate (-1 + 4 - -4 - -1) + -14.
-6
What is the value of 15 + (4 - 9) + -4?
6
Calculate 14 + (-8 - (-7 - -14)).
-1
Calculate 13 + -25 - -19 - (5 - 0).
2
What is the value of -1 + 5 - (-3 - (-10 + 1))?
-2
What is (2 - 0) + 21 + -37 + 18?
4
What is (-4 - 1) + (2 - 0)?
-3
Evaluate 7 + -2 - (29 + -20).
-4
9 + -3 + (-2 - 0)
4
Evaluate -1 - (8 + -13 - -9).
-5
What is the value of -1 + (1 - 0) + -1 + 1?
0
What is the value of 8 - 13 - (-3 + -7)?
5
Calculate 0 + -20 + 171 + -158.
-7
What is the value of (-1 - -1) + (-6 - -8 - -3)?
5
-1 + -4 + (-9 - (-16 + 2))
0
What is the value of 6 + (6 - (0 + 8)) + -8?
-4
Evaluate 13 + 3 + -1 + -8.
7
2 + 2 - (1 - (1 - 1))
3
Calculate (-8 - -1) + 6 + -4.
-5
What is the value of 5 + (-13 - 6) - -8?
-6
Calculate 3 - ((0 - -4) + 4).
-5
What is 1 - 0 - (6 - (13 + -7))?
1
Evaluate 5 + -10 + 6 + (2 - 1).
2
Evaluate (-3 - 1) + (8 - -3) + -12.
-5
Calculate -3 + 4 + (-3 - 4) + 6.
0
Calculate 10 + -8 + (-9 - -2).
-5
-5 - -6 - (-6 - -3)
4
What is -14 + (4 + 6 - -2)?
-2
What is -12 - -7 - -5 - 7?
-7
What is the value of -4 + 5 + -9 + 16?
8
Calculate (-6 - -1) + 7 - 5.
-3
4 + 0 + 2 + -8
-2
What is 9 + 10 + -34 + 12?
-3
Evaluate 12 + -8 - (-2 - -5).
1
What is (8 - 1) + -18 + 5 + 0?
-6
What is the value of 1 - (-3 - (-3 - (-2 - -2)))?
1
What is 9 + (-7 - -2) - 2?
2
What is (10 - 9) + 2 + -11?
-8
Evaluate 9 + -11 - (7 - 11).
2
Evaluate (-3 - -5) + 2 - 3.
1
0 + 1 + (1 + -5 - -4)
1
What is the value of 1 + 0 + -11 + (1 - -6)?
-3
What is the value of 5 + (-6 - 1 - 1) + 6?
3
Evaluate 5 + 2 + 1 + -5 - -2.
5
What is the value of (7 + 0 - 3) + 0?
4
What is 4 - (1 - 4) - 4?
3
Calculate 2 + -7 - (-7 + 8 + -6).
0
Evaluate 3 + -4 - -2 - (-6 - -2).
5
Calculate (4 - (14 - 8)) + (0 - -2).
0
Calculate 0 + 3 - 0 - -3.
6
What is -5 - (-8 - (-5 + -1))?
-3
Evaluate 0 - -1 - (-3 - -7).
-3
What is 1 - 0 - (1 - (5 - 8))?
-3
Calculate -2 + (3 - 2) + -2 - -4.
1
Evaluate 0 - 0 - 5 - (-5 - -3).
-3
What is the value of 1 + (3 + -2 - (5 - 1))?
-2
What is the value of 2 + 0 + 2 + 2 + -1?
5
What is 8 + -6 + (3 + -2 - 3)?
0
Evaluate (-2 - 1) + (-1 - -9) + -10.
-5
1 + -4 + 24 + -25
-4
Calculate (8 - 4) + 3 + (-6 - -5).
6
What is the value of (4 - 3 - 5) + 6?
2
Calculate 0 + 3 + (3 - 9 - 2).
-5
7 - (-1 - -10) - (6 - 1)
-7
What is the value of 3 + 3 + (-6 - 1)?
-1
What is the value of -3 - (-8 + -1) - (0 + 6)?
0
Evaluate -1 + (-5 - (3 + -12)).
3
Evaluate -5 + 1 - (-4 + 1).
-1
What is the value of 3 + -1 + -5 + -3 + 2?
-4
What is 7 - (1 + 7 - -3)?
-4
What is -9 + -4 + (9 - (6 - 5))?
-5
Calculate 4 + -2 + -4 + 3.
1
Evaluate (-1 - -1) + -2 + 1.
-1
7 - (8 + 2 - (8 - 3))
2
Evaluate -11 + 6 + -1 + 6.
0
33 - 35 - (-2 - 0)
0
What is the value of 2 + 12 + -8 + 2?
8
5 - (3 + -4) - 4
2
10 - 15 - (-3 + 3)
-5
What is the value of (35 - 36) + (0 - 3)?
-4
-1 + (-2 - 0) - -2
-1
Evaluate 5 - -1 - (23 + -19).
2
Calculate -7 + 0 + 11 + -3.
1
What is 2 + (7 - (-6 + 10))?
5
What is the value of 0 - (-4 - (-3 + 9 - 13))?
-3
3 + (-7 - (2 + -3))
-3
Evaluate -3 + (-3 + -2 - (-8 + -1)).
1
What is 26 + -30 - (0 - -2 - -2)?
-8
Calculate -3 - (3 + -1 + 0).
-5
What is the value of 5 + (-17 - -9 - -3) + -3?
-3
What is the value of -4 - ((11 - 22) + 8)?
-1
Calculate (3 - (0 - 0)) + (21 - 31).
-7
What is the value of 7 + -1 - (26 - 7 - 14)?
1
Evaluate -4 + 2 + (9 - 12).
-5
What is the value of -7 + (5 + -3 + 0 - -12)?
7
What is the value of -1 - (4 - (4 - -4))?
3
Calculate (0 + -10 - -7) + -5.
-8
What is 4 - (-3 + (3 - 0))?
4
Calculate 24 + (-3 + 11 - 21).
11
What is the value of -7 + 0 - (-100 - -91)?
2
2 + -10 + -4 - -5
-7
Calculate -2 + (-3 - 0) + 10.
5
Evaluate 0 + -2 + 2 - -3.
3
Evaluate 1 + -4 + (-24 + 13 - -22).
8
What is -3 - -1 - (0 - (-2 + 0))?
-4
What is (-3 + -1 + 1 - -2) + 6?
5
Calculate 0 - (2 + 0 - 7).
5
Calculate 0 - (0 - -1) - (-94 - -91).
2
Calculate -3 - -11 - 6 - 1.
1
Evaluate -4 - 1 - -1 - -3.
-1
5 + 3 + -2 - (1 - -1)
4
Evaluate (-8 - -20 - 1) + -5.
6
Evaluate (-1 - (2 - -1)) + 3.
-1
What is 4 + -7 + (-3 - -2) - -2?
-2
What is the value of -2 - -9 - (-4 - -8)?
3
Calcula